-4)*(-11 + -3). Let c be 2*21/6*7. What is the greatest common divisor of n and c?
7
Suppose -4*w + 6*w - 880 = 0. What is the greatest common divisor of 40 and w?
40
Let d be 3 - (-7)/((-7)/(-6)). Suppose -41 = -y - d. What is the highest common divisor of 4 and y?
4
Let b(p) = -p**2 - 8*p - 2. Let i be b(-3). Suppose -4*j + 66 = -3*j + 5*w, -445 = -5*j - 2*w. What is the greatest common divisor of j and i?
13
Let l = 7 - -4. Let z(c) = -3*c**2 - 28*c + 6. Let s be z(-7). What is the highest common factor of l and s?
11
Let t(f) = -6*f**2 - 29*f + 7. Let m be t(-5). What is the highest common divisor of 2 and m?
2
Suppose 0*y = 5*y + 25. Let t be 4/(-10) + (-12)/y. Suppose -t*x + 55 - 19 = 0. Calculate the highest common divisor of 144 and x.
18
Let s(a) = 7*a**2 - 2*a - 5. Let v = -11 + 6. Let l be s(v). Let k be (16/10)/(2/25). Calculate the highest common factor of l and k.
20
Let i(f) = f**3 - 7*f**2 - 10*f - 3. Let u be i(8). Let w = u + 43. What is the greatest common divisor of w and 3?
3
Let d be ((-2)/3)/((-6)/(-9)) - -15. Calculate the greatest common factor of d and 56.
14
Let t(j) = -j**3 - 2*j**2 - 3*j + 4. Let z be t(-3). Suppose 3*c = -7 + 37. Let r be -5*((-264)/c)/4. Calculate the greatest common divisor of r and z.
11
Let n = 143 + -87. Suppose -5*f = 4*u - 21, f - 2*u = 11 - 4. Suppose 23 = f*j - 12. Calculate the greatest common factor of j and n.
7
Let q be (50/20)/((-2)/(-32)). What is the greatest common divisor of q and 8?
8
Suppose 576 = 5*c - 2*c. Let x = -45 - -69. Calculate the greatest common divisor of c and x.
24
Let d(w) = 4*w + 3. Let l be d(5). Let v = -15 + l. Calculate the greatest common factor of v and 24.
8
Suppose 2 = -2*m - 2*s + 8, -2*s - 12 = -4*m. Let j = 25 + -10. What is the greatest common divisor of j and m?
3
Let r be 9/(-5 + 2) + 3. Suppose 4*c = -r + 4. Calculate the highest common divisor of 1 and c.
1
Let t(c) = c**3 - 4*c**2 + 2*c - 2. Let n be 12/(-10)*20/(-6). Let y be t(n). Calculate the greatest common factor of y and 12.
6
Let p = 125 - 107. What is the greatest common factor of 18 and p?
18
Let q(c) = -c + 11. Let u be q(13). Let v(y) = 2*y**2 - y + 1. Let f be v(u). What is the highest common factor of 77 and f?
11
Let h(v) be the first derivative of v**3/3 - 2*v**2 + 4*v - 4. Let i be h(4). What is the highest common factor of i and 16?
4
Let j be (3/(-6))/((-2)/4). Let a(p) = p**3 - p**2 + p. Let f be a(j). Calculate the greatest common divisor of 1 and f.
1
Suppose 0 = -2*f + 324 + 78. Suppose w = 4*u - f, -171 = -3*u + w - 20. Let m = u + -34. What is the highest common divisor of m and 24?
8
Let s = 4 - 7. Let c = 3 - s. Suppose 2*d = d + 2*l + 28, 5*d + 2*l = 80. Calculate the highest common factor of c and d.
6
Let s(i) = i**3 - 5*i**2 + 4*i + 4. Let r be s(4). Suppose 8 = r*b, 2*q + b - 17 = 17. Suppose 85 + 115 = 5*t. Calculate the highest common divisor of q and t.
8
Let b(u) = 2*u**3 + 2*u**2 - 1. Suppose -3*d = -3*t - 3, 5*t + 4*d = 4*t + 9. Let p be b(t). Let i = 2 - -10. What is the greatest common factor of i and p?
3
Suppose -4*i = -2*r - 197 + 15, 85 = 2*i + 5*r. Calculate the highest common factor of i and 30.
15
Let a be (0 - -4) + 3/(-3). Let t = 9 + a. What is the highest common factor of t and 96?
12
Let v = -264 - -136. Let f = 348 + v. What is the greatest common factor of 20 and f?
20
Let r = 404 + -151. Calculate the highest common factor of 23 and r.
23
Let u = -7 + 17. What is the greatest common divisor of u and 70?
10
Let o = 11 - -10. Calculate the greatest common divisor of o and 21.
21
Let w(o) = o**3 + 3*o**2 - o. Let f be w(-4). Let r be 64/f*(2 - 5). Suppose 0*v - r = -2*v. What is the highest common factor of v and 12?
4
Suppose -3*o = t + 2*t + 96, 3 = o. Let c = -15 - t. What is the highest common divisor of c and 180?
20
Let z(x) = -x**2 - 15*x + 7. Let f be z(-14). Calculate the greatest common factor of 7 and f.
7
Suppose b = -1, 184 = 3*t - 2*b - 208. Suppose 0 = -5*u + t - 40. Let x = 14 + u. What is the greatest common divisor of x and 16?
16
Let z be (-20)/(-16) - 1/4. Let k(b) = 37*b - 1. Let r be k(z). Calculate the greatest common divisor of r and 24.
12
Let p be (-2)/(-9) + 88/9. Let i = 9 + -5. Suppose -3*z + 42 = i*n - 4*z, -44 = -5*n - 3*z. Calculate the highest common factor of n and p.
10
Let d(u) = 5*u**2 - 31*u - 6. Let g be d(8). What is the highest common factor of 33 and g?
33
Let k be 45*(-4 + 2)*(-15)/6. What is the highest common divisor of k and 25?
25
Suppose -6*i - 30 = -i. Let v be (-4)/i*(-6)/(-1). Suppose 0*z + 4 = v*z. What is the highest common factor of z and 3?
1
Suppose -5 = 4*z - 9*z. What is the greatest common divisor of z and 9?
1
Suppose -4*b + 5*p + 0*p = -23, -6 = 2*p. Suppose 4*q - 5*q + b = 0. What is the greatest common divisor of 18 and q?
2
Suppose -4*x + 96 = -0*x. Suppose 0 = 2*w - x - 8. Calculate the highest common factor of w and 4.
4
Let i be (2/(-3))/((-1)/18). Let h(f) = 10*f. Let u(s) = -49*s. Let t(j) = -11*h(j) - 2*u(j). Let b be t(-4). What is the highest common factor of b and i?
12
Suppose -4*y + 64 = -112. What is the highest common divisor of 308 and y?
44
Let n = -18 + 34. What is the greatest common factor of 8 and n?
8
Let v(i) = 0*i**2 + 29*i**3 + i**2 - 4 - 11*i**3 + 2*i**3. Let s be v(2). What is the highest common divisor of 20 and s?
20
Let a(c) = c**2 + 2*c. Let u be a(-3). Let w(d) = d - 3 - 5*d - u. Let x be w(-5). What is the highest common factor of 2 and x?
2
Let f = 164 + -136. What is the greatest common factor of f and 154?
14
Let s = -5 - -7. Suppose -s*l + 176 = 2*l. Calculate the highest common factor of 4 and l.
4
Let u = -11 + 19. Suppose 0 = -0*g - 2*g + 8. Suppose -5*q + 301 = 3*d + 32, g*d - 350 = 2*q. Calculate the greatest common divisor of d and u.
8
Suppose 6 = -3*r - 4*j, 2*j + 4 - 2 = -r. Let c be (0 - 2)/r + 2. Let g(x) = -x**2 + 5*x - 3. Let l be g(3). What is the highest common factor of l and c?
3
Let i = 1 + -6. Let y = i + 8. Suppose -17 = -y*p + 79. What is the highest common divisor of p and 4?
4
Let c be 18/10*20/6. Suppose 5*v - 3*v - c = 0. What is the greatest common factor of 3 and v?
3
Suppose -l + 5*l = 52. Let k(s) = -34*s + 5. Let g be k(-1). What is the greatest common factor of l and g?
13
Suppose -u + 392 = 7*u. Calculate the highest common factor of u and 49.
49
Suppose -4*t + 11 = -q, -4*t - 2*q + 2 = -0. Suppose -t*f + 19 = a, -1 = f + 2*a - 6. Calculate the greatest common factor of 88 and f.
11
Suppose 26 = 2*p - 4*v, p = 2*p + 2*v - 13. Calculate the greatest common divisor of p and 26.
13
Suppose 0 = 3*b + b - 56. Let n be (0 - 1)/(9/(-171)). Let u = n + b. What is the highest common factor of 11 and u?
11
Suppose 3*w - 183 = -0*w - 4*o, 5*w = o + 328. Let q(u) = -29*u + 1. Let x be q(2). Let y = -31 - x. Calculate the greatest common divisor of w and y.
13
Suppose 0 = -5*m + 2*k + 2*k + 41, 2*k + 18 = 2*m. What is the greatest common factor of 55 and m?
5
Suppose -k + 4*i = -75, 0 = 4*k + 2*i - 161 - 85. Calculate the greatest common factor of k and 9.
9
Let c be (1 - -2) + 13/((-13)/(-132)). Let s = -37 - -52. Calculate the greatest common factor of s and c.
15
Let c(q) = -q**2 + 22*q - 20. Let u be c(20). What is the highest common factor of 10 and u?
10
Let i(r) = r**3 - 9*r**2 + r - 7. Let s be i(9). What is the highest common divisor of 5 and s?
1
Suppose -3*f - 4*r + 18 = 0, -9*f + r = -4*f - 53. Let b(y) = -2*y - 2. Let p be b(-3). What is the highest common divisor of p and f?
2
Let l be (-4)/22 - (-536)/44. Suppose 4*c + 4*u - 40 = 0, -4*u - 4 + l = 0. Calculate the highest common factor of 12 and c.
4
Let v(p) be the third derivative of p**5/60 + p**4/3 + 2*p**3/3 + 2*p**2. Let s be v(-8). What is the highest common factor of s and 44?
4
Let k(o) = o**2 + 2*o + 10. Let q(h) = -h + 1. Let c(d) = k(d) - 3*q(d). Let m be c(-6). What is the greatest common factor of 104 and m?
13
Suppose -2*z + 16 = -18. Let j = z - 1. What is the highest common factor of j and 2?
2
Suppose 0 = -4*f - 2*n + 58, f + 2*n - n - 13 = 0. Calculate the greatest common factor of f and 128.
16
Let a = 1 - -1. Suppose 2*p - a*n - 10 = 0, 4*p + 0*n - 12 = 2*n. Suppose -4*y = p - 29. Calculate the highest common divisor of 21 and y.
7
Let z 